e y + 5*g - w = 12, 5*g - 25 = 0. Calculate the highest common divisor of 28 and y.
14
Let k(r) = -175*r**3 + r**2 + 14*r + 13. Let d(o) = -o**3 + 36*o**2 + 76*o - 1. Let w be d(38). Let h be k(w). Calculate the highest common factor of 70 and h.
35
Suppose c + 84 = 15*c. Let s be 56/c*162/63. What is the highest common factor of 48 and s?
24
Let a(s) = -s**3 + 9*s**2 + 7*s + 32. Let q be a(10). Suppose 2*c - 8 = -h, h + 4 = q. What is the highest common factor of 1 and c?
1
Let d(n) = 3*n**3 - 156*n**2 - 84*n - 153. Let f be d(53). Calculate the greatest common factor of 39 and f.
39
Suppose 0 = -3*n + z + 2120, n - 5*z = 6*n - 3560. Let j = 732 - n. What is the greatest common divisor of j and 10?
2
Let x = -4 + -5. Let h = 709 - 697. Let w = h + x. What is the highest common factor of w and 9?
3
Let f(h) = -19 + h**3 - 111*h + 44*h + 12*h**2 + 51*h. Let c be f(-13). Let p = 23 + 7. Calculate the highest common factor of c and p.
10
Suppose 5*a - 345 = -5*p, p - 30 = -4*a + 48. Suppose -74 = -7*c + p. What is the highest common divisor of 60 and c?
20
Suppose -343 = -13*v - 1526. Let m = v - -61. Let l be 8 + (-936)/m + (-2)/10. What is the highest common factor of 26 and l?
13
Let j(q) = 11*q - 4 + 2 + 0. Let t(d) = -d**3 - 2*d**2 + 5*d + 7. Let c be t(-3). Let l be j(c). What is the highest common divisor of l and 45?
9
Let a = -266 - -101. Let n = 318 + a. Calculate the highest common factor of n and 17.
17
Let n be (4/2)/(((-110)/(-25))/11). Suppose 0 = -4*d + s + 1713, -n*s + 445 - 1 = d. Calculate the greatest common factor of 33 and d.
33
Suppose -4*z = d - 2*d + 344, 2*d = 5*z + 685. Let y be -4 + ((-2)/(-9) - 1926/(-81)). Calculate the greatest common divisor of y and d.
20
Let z be (-5)/(8/(-30)*((-51)/(-272))/1). Let s = -47 + 108. Let w = s - 21. What is the greatest common factor of w and z?
20
Let v be 12200 - ((-132)/24 + -2 + (-21)/(-6)). What is the greatest common factor of v and 226?
226
Let o(a) = a**2 - 20*a + 72. Let r be o(4). Suppose 0 = r*f - 112 - 256. Calculate the greatest common divisor of f and 552.
46
Let q be (-27)/(-12 - (-336)/32). What is the greatest common divisor of q and 15138?
18
Let l be 2*((-7)/(-2) - -2). Suppose 3*f = 2*b + 1037, 196*b - 201*b - 35 = 0. What is the greatest common divisor of l and f?
11
Let b = 67 - 72. Let n be (-10 - 0)*((-5)/(-2))/b. Let t be 3 - -2 - ((n - 5) + 3). Calculate the highest common factor of 40 and t.
2
Let o = 986 + -983. Suppose -983 = -4*g + o*k, -6*k + 1222 = 5*g - 3*k. Suppose 187 = 3*q - 107. What is the highest common divisor of g and q?
49
Let c be 209/(5*(-2)/(-50)). Calculate the greatest common factor of c and 55.
55
Let a = 8582 + -8512. What is the greatest common divisor of a and 8106?
14
Let j(p) = -2*p**3 + 22*p**2 + p - 3. Suppose 5*d + 22 = 3*f - 36, -2*f - 3*d + 7 = 0. Let z be j(f). Calculate the greatest common divisor of 880 and z.
8
Let o be (31 - -22) + 3/3. Let k(y) = -3*y**3 + y**2 + y + 1. Let b be k(-2). Calculate the greatest common factor of b and o.
27
Suppose -7*t + 2*t + 543 = -4*h, 5*h - 126 = -t. Let u be (-12 - (-94)/14 - -5)*(-21)/2. What is the greatest common divisor of u and t?
3
Let g(j) = -18*j - 99. Let r be 64/(-6) - -2 - 5/(-3). Let v be g(r). What is the highest common divisor of 3 and v?
3
Suppose -4*s = -3*k - 3*s - 2911, -2*k = 5*s + 1918. Let o = 1222 + k. Calculate the highest common factor of 11 and o.
11
Let y = -407 - -388. Let j be (y + 5)*(-8 - -7). Calculate the highest common factor of j and 98.
14
Let k = -1175 - -1325. Calculate the highest common factor of 690 and k.
30
Let q = 106 - 72. Suppose -q*v + 78 = -32*v. Let b be (-23)/(-2) + 54/36. Calculate the highest common factor of b and v.
13
Suppose 121 = s + 4*s - m, 0 = -4*s - 2*m + 94. Suppose 3*j = -0*j + 276. Let x = 212 - j. Calculate the highest common divisor of x and s.
24
Let b be 17/3 - (-2)/(-3). Suppose 87 = b*i - 78. Let p = 633 + -622. What is the greatest common factor of i and p?
11
Let h = 776 - 598. Suppose 180 = 184*i - h*i. What is the greatest common factor of 310 and i?
10
Suppose 9*y + s = 4*y + 476, 2*s + 8 = 0. Suppose -397 = 3*g - 469. Calculate the highest common factor of g and y.
24
Let t(v) = -v**2 + 69*v + 115. Let i be t(69). Calculate the greatest common divisor of 207 and i.
23
Suppose -4*v + 3*k = -1385, -6*v + 7*v + 2*k = 360. Let u be v/8 - 1*(-1)/4. What is the greatest common factor of 110 and u?
22
Let i(g) = 3*g**2 - 24*g - 121. Let l be i(-7). What is the greatest common factor of l and 97?
97
Let u = -10736 - -18452. What is the highest common divisor of 12 and u?
12
Suppose 48 = 2*q - 0*q. Let u be (5 + -10)/5 + -102. Let v = -97 - u. What is the highest common divisor of q and v?
6
Let h be (-3)/(-2) + 20*13245/120. What is the highest common divisor of h and 47?
47
Let w(c) = -c**2 + 7*c + 10. Let h be w(10). Let p(v) = v**3 + 19*v**2 - 24*v - 66. Let x be p(h). What is the highest common factor of x and 49?
7
Let l(w) = 16*w**2 + 661*w - 566. Let c be l(-74). What is the greatest common divisor of 12 and c?
12
Let f = -2641 + 2677. Calculate the highest common divisor of 6858 and f.
18
Let g(c) = 5*c - 58. Let h = 12 + 0. Let n be g(h). Suppose -s + 43 = 3*s + 3*w, -n*s = 4*w - 34. What is the greatest common factor of 56 and s?
7
Let p = -9431 - -9695. What is the highest common factor of p and 1298?
22
Let i be 7*93 + -27 + 22. What is the greatest common factor of 68 and i?
34
Suppose 0 = -4*s + p + 119, 2*p - 74 = -3*s + 18. What is the greatest common divisor of s and 220?
10
Suppose -16*k + 49 + 1151 = 0. Let n be ((-612)/(-30))/(10/k). Let m be -3*2/10*-15. What is the greatest common factor of n and m?
9
Let b = -404 + 406. Suppose -2*g = 5*o - 161, -b*g = -2*o - 4*g + 62. Calculate the greatest common factor of 891 and o.
33
Suppose -10*n - 11*n = -84. Suppose 5*r = n*d - 213 - 22, 57 = d - 3*r. Calculate the greatest common divisor of 220 and d.
20
Let i(s) = s**2 + 3. Let q be i(-9). Calculate the greatest common divisor of q and 100.
4
Suppose -2*w + 2*y + 24310 = 0, 170*w + 60810 = 175*w + 2*y. What is the greatest common factor of 10 and w?
10
Suppose 0 = -74*h + 76*h - 2*v - 22, -3*h + 2*v + 26 = 0. Calculate the greatest common factor of 9364 and h.
4
Let i be ((144/(-27))/8)/((-3)/90). What is the greatest common divisor of i and 290?
10
Let k(w) = -124*w - 400. Let i be k(-5). What is the greatest common divisor of i and 1166?
22
Suppose 7*v - 860 = 2*v. Suppose -48*q = -58*q + 1077 + 1503. What is the highest common divisor of q and v?
86
Let m(r) = -r**3 + 7*r**2 + 4*r - 4. Let y be m(6). Let f = y + -57. Let a(n) = -24*n + 1. Let b be a(f). Calculate the highest common factor of 275 and b.
25
Let l(h) = 22*h**3 + 2*h**2 - 1. Let b be l(1). Let z = 1766 - 1467. Calculate the highest common factor of z and b.
23
Let w be (-3 - (-13 + 2))/(2/123). Let r = -436 + w. What is the greatest common divisor of 238 and r?
14
Suppose 4161 = 3*n - m, -44*m = -n - 51*m + 1365. Calculate the highest common factor of n and 189.
63
Suppose 61*m = 1750 + 1166 - 476. Let q = 241 - -199. What is the highest common divisor of m and q?
40
Let z(s) = s**2 + 29*s + 125. Let i be 30/(-12)*(1 - 5)/(-2). Let t be z(i). Calculate the highest common factor of 515 and t.
5
Let z = 347 + -185. Let g be 3/((110/168 + (-200)/350)*6). What is the greatest common divisor of g and z?
6
Let s = -4700 + 4889. Let p(z) = z**2 - 3*z - 7. Let b be p(7). What is the greatest common factor of b and s?
21
Let u = 0 + 5. Suppose j = 2*b - 481, -3*j - u + 14 = 0. Let k be ((-1015)/(-30) - (-8 + 376/48)) + -12. What is the highest common factor of k and b?
22
Let m be ((-10)/(-65) - 1150/(-299)) + 616 + 1. Calculate the highest common divisor of m and 387.
9
Let t = 397 + -267. Let y = -119 + t. Calculate the greatest common divisor of y and 99.
11
Suppose -45*p - 59*p = -156751 - 211617. Calculate the highest common divisor of 77 and p.
77
Let a be 48/(-30) + 2 + (-56)/(-10). Let c be (-32)/a*(-3 + 165/(-10)). Suppose c + 61 = 11*j. Calculate the greatest common factor of 5 and j.
5
Suppose 0 = 1368*x - 1362*x - 102. What is the greatest common factor of 7361 and x?
17
Suppose g = 3 - 0. Let t be g*(0 + (1 - 0)). Let l(s) = -21